{"id":24122,"date":"2024-02-14T09:09:10","date_gmt":"2024-02-14T06:09:10","guid":{"rendered":"https:\/\/celmomobilya.com\/urun\/conjunto-de-comedor-artemis\/"},"modified":"2024-02-14T09:09:10","modified_gmt":"2024-02-14T06:09:10","slug":"conjunto-de-comedor-artemis","status":"publish","type":"product","link":"https:\/\/celmomobilya.com\/es\/producto\/conjunto-de-comedor-artemis\/","title":{"rendered":"Conjunto de Comedor Artemis"},"content":{"rendered":"<p>El Conjunto de Comedor Artemis aporta un toque sofisticado a su comedor con su dise\u00f1o moderno y elegante. Este conjunto, que destaca por sus delicados detalles y l\u00edneas est\u00e9ticas, ofrece comodidad gracias a sus sillas confortables y su amplia mesa de comedor, ideales para recibir a sus invitados. Fabricado con materiales de alta calidad, el Conjunto de Comedor Artemis garantiza una estructura duradera que mantiene su elegancia como el primer d\u00eda durante muchos a\u00f1os. La amplia superficie de la mesa proporciona un espacio perfecto para grandes comidas familiares y eventos especiales. El dise\u00f1o elegante del aparador y el buffet no solo ofrece una apariencia est\u00e9tica, sino que tambi\u00e9n proporciona espacios funcionales de almacenamiento para mantener sus pertenencias organizadas. Disponible en diferentes opciones de colores y texturas, se puede personalizar para adaptarse perfectamente a su espacio vital. Si busca combinar elegancia y funcionalidad en su comedor, el Conjunto de Comedor Artemis ser\u00e1 una elecci\u00f3n perfecta.<\/p>\n<div class=\"olcu-table\">\n<h4 style=\"text-align: center;\">Dimensiones del Producto<\/h4>\n<table>\n<thead>\n<tr>\n<th><\/th>\n<th>Altura<\/th>\n<th>Anchura<\/th>\n<th>Profundidad<\/th>\n<\/tr>\n<\/thead>\n<tbody>\n<tr>\n<td>Aparador Artemis<\/td>\n<td>80 cm<\/td>\n<td>220 cm<\/td>\n<td>54 cm<\/td>\n<\/tr>\n<tr>\n<td>Mesa Artemis<\/td>\n<td>78 cm<\/td>\n<td>150 cm<\/td>\n<td>150 cm<\/td>\n<\/tr>\n<\/tbody>\n<\/table>\n<\/div>\n","protected":false},"excerpt":{"rendered":"<p>El Conjunto de Comedor Artemis aporta un toque sofisticado a su comedor con su dise\u00f1o moderno y elegante. Este conjunto,<\/p>\n","protected":false},"featured_media":24123,"template":"","meta":[],"product_brand":[],"product_cat":[101],"product_tag":[],"class_list":{"0":"post-24122","1":"product","2":"type-product","3":"status-publish","4":"has-post-thumbnail","6":"product_cat-conjuntos-de-comedor","8":"first","9":"instock","10":"shipping-taxable","11":"product-type-simple"},"yoast_head":"<!-- This site is optimized with the Yoast SEO Premium plugin v21.3 (Yoast SEO v27.3) - https:\/\/yoast.com\/product\/yoast-seo-premium-wordpress\/ -->\n<title>Conjunto de Comedor Artemis - \u00c7elmo Mobilya<\/title>\n<meta name=\"robots\" content=\"index, follow, max-snippet:-1, max-image-preview:large, max-video-preview:-1\" \/>\n<link rel=\"canonical\" href=\"https:\/\/celmomobilya.com\/es\/producto\/conjunto-de-comedor-artemis\/\" \/>\n<meta property=\"og:locale\" content=\"es_ES\" \/>\n<meta property=\"og:type\" content=\"article\" \/>\n<meta property=\"og:title\" content=\"Conjunto de Comedor Artemis - \u00c7elmo Mobilya\" \/>\n<meta property=\"og:description\" content=\"El Conjunto de Comedor Artemis aporta un toque sofisticado a su comedor con su dise\u00f1o moderno y elegante. Este conjunto,\" \/>\n<meta property=\"og:url\" content=\"https:\/\/celmomobilya.com\/es\/producto\/conjunto-de-comedor-artemis\/\" \/>\n<meta property=\"og:site_name\" content=\"\u00c7elmo Mobilya\" \/>\n<meta property=\"article:publisher\" content=\"https:\/\/www.facebook.com\/celmohome\" \/>\n<meta property=\"og:image\" content=\"https:\/\/celmomobilya.com\/wp-content\/uploads\/2024\/02\/urun-artemis-yemek-odasi-takimi-01.jpg\" \/>\n\t<meta property=\"og:image:width\" content=\"1674\" \/>\n\t<meta property=\"og:image:height\" content=\"1200\" \/>\n\t<meta property=\"og:image:type\" content=\"image\/jpeg\" \/>\n<meta name=\"twitter:card\" content=\"summary_large_image\" \/>\n<meta name=\"twitter:label1\" content=\"Tiempo de lectura\" \/>\n\t<meta name=\"twitter:data1\" content=\"1 minuto\" \/>\n<script type=\"application\/ld+json\" class=\"yoast-schema-graph\">{\"@context\":\"https:\\\/\\\/schema.org\",\"@graph\":[{\"@type\":\"WebPage\",\"@id\":\"https:\\\/\\\/celmomobilya.com\\\/es\\\/producto\\\/conjunto-de-comedor-artemis\\\/\",\"url\":\"https:\\\/\\\/celmomobilya.com\\\/es\\\/producto\\\/conjunto-de-comedor-artemis\\\/\",\"name\":\"Conjunto de Comedor Artemis - \u00c7elmo Mobilya\",\"isPartOf\":{\"@id\":\"https:\\\/\\\/celmomobilya.com\\\/es\\\/#website\"},\"primaryImageOfPage\":{\"@id\":\"https:\\\/\\\/celmomobilya.com\\\/es\\\/producto\\\/conjunto-de-comedor-artemis\\\/#primaryimage\"},\"image\":{\"@id\":\"https:\\\/\\\/celmomobilya.com\\\/es\\\/producto\\\/conjunto-de-comedor-artemis\\\/#primaryimage\"},\"thumbnailUrl\":\"https:\\\/\\\/celmomobilya.com\\\/wp-content\\\/uploads\\\/2024\\\/02\\\/urun-artemis-yemek-odasi-takimi-01.jpg\",\"datePublished\":\"2024-02-14T06:09:10+00:00\",\"breadcrumb\":{\"@id\":\"https:\\\/\\\/celmomobilya.com\\\/es\\\/producto\\\/conjunto-de-comedor-artemis\\\/#breadcrumb\"},\"inLanguage\":\"es\",\"potentialAction\":[{\"@type\":\"ReadAction\",\"target\":[\"https:\\\/\\\/celmomobilya.com\\\/es\\\/producto\\\/conjunto-de-comedor-artemis\\\/\"]}]},{\"@type\":\"ImageObject\",\"inLanguage\":\"es\",\"@id\":\"https:\\\/\\\/celmomobilya.com\\\/es\\\/producto\\\/conjunto-de-comedor-artemis\\\/#primaryimage\",\"url\":\"https:\\\/\\\/celmomobilya.com\\\/wp-content\\\/uploads\\\/2024\\\/02\\\/urun-artemis-yemek-odasi-takimi-01.jpg\",\"contentUrl\":\"https:\\\/\\\/celmomobilya.com\\\/wp-content\\\/uploads\\\/2024\\\/02\\\/urun-artemis-yemek-odasi-takimi-01.jpg\",\"width\":1674,\"height\":1200},{\"@type\":\"BreadcrumbList\",\"@id\":\"https:\\\/\\\/celmomobilya.com\\\/es\\\/producto\\\/conjunto-de-comedor-artemis\\\/#breadcrumb\",\"itemListElement\":[{\"@type\":\"ListItem\",\"position\":1,\"name\":\"Productos\",\"item\":\"https:\\\/\\\/celmomobilya.com\\\/es\\\/shop\\\/\"},{\"@type\":\"ListItem\",\"position\":2,\"name\":\"Conjunto de Comedor Artemis\"}]},{\"@type\":\"WebSite\",\"@id\":\"https:\\\/\\\/celmomobilya.com\\\/es\\\/#website\",\"url\":\"https:\\\/\\\/celmomobilya.com\\\/es\\\/\",\"name\":\"\u00c7elmo Mobilya\",\"description\":\"Modern ve Luxury Ev Mobilyalar\u0131\",\"potentialAction\":[{\"@type\":\"SearchAction\",\"target\":{\"@type\":\"EntryPoint\",\"urlTemplate\":\"https:\\\/\\\/celmomobilya.com\\\/es\\\/?s={search_term_string}\"},\"query-input\":{\"@type\":\"PropertyValueSpecification\",\"valueRequired\":true,\"valueName\":\"search_term_string\"}}],\"inLanguage\":\"es\"}]}<\/script>\n<!-- \/ Yoast SEO Premium plugin. -->","yoast_head_json":{"title":"Conjunto de Comedor Artemis - \u00c7elmo Mobilya","robots":{"index":"index","follow":"follow","max-snippet":"max-snippet:-1","max-image-preview":"max-image-preview:large","max-video-preview":"max-video-preview:-1"},"canonical":"https:\/\/celmomobilya.com\/es\/producto\/conjunto-de-comedor-artemis\/","og_locale":"es_ES","og_type":"article","og_title":"Conjunto de Comedor Artemis - \u00c7elmo Mobilya","og_description":"El Conjunto de Comedor Artemis aporta un toque sofisticado a su comedor con su dise\u00f1o moderno y elegante. Este conjunto,","og_url":"https:\/\/celmomobilya.com\/es\/producto\/conjunto-de-comedor-artemis\/","og_site_name":"\u00c7elmo Mobilya","article_publisher":"https:\/\/www.facebook.com\/celmohome","og_image":[{"width":1674,"height":1200,"url":"https:\/\/celmomobilya.com\/wp-content\/uploads\/2024\/02\/urun-artemis-yemek-odasi-takimi-01.jpg","type":"image\/jpeg"}],"twitter_card":"summary_large_image","twitter_misc":{"Tiempo de lectura":"1 minuto"},"schema":{"@context":"https:\/\/schema.org","@graph":[{"@type":"WebPage","@id":"https:\/\/celmomobilya.com\/es\/producto\/conjunto-de-comedor-artemis\/","url":"https:\/\/celmomobilya.com\/es\/producto\/conjunto-de-comedor-artemis\/","name":"Conjunto de Comedor Artemis - \u00c7elmo Mobilya","isPartOf":{"@id":"https:\/\/celmomobilya.com\/es\/#website"},"primaryImageOfPage":{"@id":"https:\/\/celmomobilya.com\/es\/producto\/conjunto-de-comedor-artemis\/#primaryimage"},"image":{"@id":"https:\/\/celmomobilya.com\/es\/producto\/conjunto-de-comedor-artemis\/#primaryimage"},"thumbnailUrl":"https:\/\/celmomobilya.com\/wp-content\/uploads\/2024\/02\/urun-artemis-yemek-odasi-takimi-01.jpg","datePublished":"2024-02-14T06:09:10+00:00","breadcrumb":{"@id":"https:\/\/celmomobilya.com\/es\/producto\/conjunto-de-comedor-artemis\/#breadcrumb"},"inLanguage":"es","potentialAction":[{"@type":"ReadAction","target":["https:\/\/celmomobilya.com\/es\/producto\/conjunto-de-comedor-artemis\/"]}]},{"@type":"ImageObject","inLanguage":"es","@id":"https:\/\/celmomobilya.com\/es\/producto\/conjunto-de-comedor-artemis\/#primaryimage","url":"https:\/\/celmomobilya.com\/wp-content\/uploads\/2024\/02\/urun-artemis-yemek-odasi-takimi-01.jpg","contentUrl":"https:\/\/celmomobilya.com\/wp-content\/uploads\/2024\/02\/urun-artemis-yemek-odasi-takimi-01.jpg","width":1674,"height":1200},{"@type":"BreadcrumbList","@id":"https:\/\/celmomobilya.com\/es\/producto\/conjunto-de-comedor-artemis\/#breadcrumb","itemListElement":[{"@type":"ListItem","position":1,"name":"Productos","item":"https:\/\/celmomobilya.com\/es\/shop\/"},{"@type":"ListItem","position":2,"name":"Conjunto de Comedor Artemis"}]},{"@type":"WebSite","@id":"https:\/\/celmomobilya.com\/es\/#website","url":"https:\/\/celmomobilya.com\/es\/","name":"\u00c7elmo Mobilya","description":"Modern ve Luxury Ev Mobilyalar\u0131","potentialAction":[{"@type":"SearchAction","target":{"@type":"EntryPoint","urlTemplate":"https:\/\/celmomobilya.com\/es\/?s={search_term_string}"},"query-input":{"@type":"PropertyValueSpecification","valueRequired":true,"valueName":"search_term_string"}}],"inLanguage":"es"}]}},"_links":{"self":[{"href":"https:\/\/celmomobilya.com\/es\/wp-json\/wp\/v2\/product\/24122","targetHints":{"allow":["GET"]}}],"collection":[{"href":"https:\/\/celmomobilya.com\/es\/wp-json\/wp\/v2\/product"}],"about":[{"href":"https:\/\/celmomobilya.com\/es\/wp-json\/wp\/v2\/types\/product"}],"wp:featuredmedia":[{"embeddable":true,"href":"https:\/\/celmomobilya.com\/es\/wp-json\/wp\/v2\/media\/24123"}],"wp:attachment":[{"href":"https:\/\/celmomobilya.com\/es\/wp-json\/wp\/v2\/media?parent=24122"}],"wp:term":[{"taxonomy":"product_brand","embeddable":true,"href":"https:\/\/celmomobilya.com\/es\/wp-json\/wp\/v2\/product_brand?post=24122"},{"taxonomy":"product_cat","embeddable":true,"href":"https:\/\/celmomobilya.com\/es\/wp-json\/wp\/v2\/product_cat?post=24122"},{"taxonomy":"product_tag","embeddable":true,"href":"https:\/\/celmomobilya.com\/es\/wp-json\/wp\/v2\/product_tag?post=24122"}],"curies":[{"name":"wp","href":"https:\/\/api.w.org\/{rel}","templated":true}]}}

<p>El Conjunto de Comedor Artemis aporta un toque sofisticado a su comedor con su diseño moderno y elegante. Este conjunto, que destaca por sus delicados detalles y líneas estéticas, ofrece comodidad gracias a sus sillas confortables y su amplia mesa de comedor, ideales para recibir a sus invitados. Fabricado con materiales de alta calidad, el Conjunto de Comedor Artemis garantiza una estructura duradera que mantiene su elegancia como el primer día durante muchos años. La amplia superficie de la mesa proporciona un espacio perfecto para grandes comidas familiares y eventos especiales. El diseño elegante del aparador y el buffet no solo ofrece una apariencia estética, sino que también proporciona espacios funcionales de almacenamiento para mantener sus pertenencias organizadas. Disponible en diferentes opciones de colores y texturas, se puede personalizar para adaptarse perfectamente a su espacio vital. Si busca combinar elegancia y funcionalidad en su comedor, el Conjunto de Comedor Artemis será una elección perfecta.</p>
<div class="olcu-table">
<h4 style="text-align: center;">Dimensiones del Producto</h4>
<table>
<thead>
<tr>
<th></th>
<th>Altura</th>
<th>Anchura</th>
<th>Profundidad</th>
</tr>
</thead>
<tbody>
<tr>
<td>Aparador Artemis</td>
<td>80 cm</td>
<td>220 cm</td>
<td>54 cm</td>
</tr>
<tr>
<td>Mesa Artemis</td>
<td>78 cm</td>
<td>150 cm</td>
<td>150 cm</td>
</tr>
</tbody>
</table>
</div>

<p>El Conjunto de Comedor Artemis aporta un toque sofisticado a su comedor con su diseño moderno y elegante. Este conjunto,</p>

<!-- This site is optimized with the Yoast SEO Premium plugin v21.3 (Yoast SEO v27.3) - https://yoast.com/product/yoast-seo-premium-wordpress/ -->
<title>Conjunto de Comedor Artemis - Çelmo Mobilya</title>
<meta name="robots" content="index, follow, max-snippet:-1, max-image-preview:large, max-video-preview:-1" />
<link rel="canonical" href="https://celmomobilya.com/es/producto/conjunto-de-comedor-artemis/" />
<meta property="og:locale" content="es_ES" />
<meta property="og:type" content="article" />
<meta property="og:title" content="Conjunto de Comedor Artemis - Çelmo Mobilya" />
<meta property="og:description" content="El Conjunto de Comedor Artemis aporta un toque sofisticado a su comedor con su diseño moderno y elegante. Este conjunto," />
<meta property="og:url" content="https://celmomobilya.com/es/producto/conjunto-de-comedor-artemis/" />
<meta property="og:site_name" content="Çelmo Mobilya" />
<meta property="article:publisher" content="https://www.facebook.com/celmohome" />
<meta property="og:image" content="https://celmomobilya.com/wp-content/uploads/2024/02/urun-artemis-yemek-odasi-takimi-01.jpg" />
	<meta property="og:image:width" content="1674" />
	<meta property="og:image:height" content="1200" />
	<meta property="og:image:type" content="image/jpeg" />
<meta name="twitter:card" content="summary_large_image" />
<meta name="twitter:label1" content="Tiempo de lectura" />
	<meta name="twitter:data1" content="1 minuto" />
<script type="application/ld+json" class="yoast-schema-graph">{"@context":"https:\/\/schema.org","@graph":[{"@type":"WebPage","@id":"https:\/\/celmomobilya.com\/es\/producto\/conjunto-de-comedor-artemis\/","url":"https:\/\/celmomobilya.com\/es\/producto\/conjunto-de-comedor-artemis\/","name":"Conjunto de Comedor Artemis - Çelmo Mobilya","isPartOf":{"@id":"https:\/\/celmomobilya.com\/es\/#website"},"primaryImageOfPage":{"@id":"https:\/\/celmomobilya.com\/es\/producto\/conjunto-de-comedor-artemis\/#primaryimage"},"image":{"@id":"https:\/\/celmomobilya.com\/es\/producto\/conjunto-de-comedor-artemis\/#primaryimage"},"thumbnailUrl":"https:\/\/celmomobilya.com\/wp-content\/uploads\/2024\/02\/urun-artemis-yemek-odasi-takimi-01.jpg","datePublished":"2024-02-14T06:09:10+00:00","breadcrumb":{"@id":"https:\/\/celmomobilya.com\/es\/producto\/conjunto-de-comedor-artemis\/#breadcrumb"},"inLanguage":"es","potentialAction":[{"@type":"ReadAction","target":["https:\/\/celmomobilya.com\/es\/producto\/conjunto-de-comedor-artemis\/"]}]},{"@type":"ImageObject","inLanguage":"es","@id":"https:\/\/celmomobilya.com\/es\/producto\/conjunto-de-comedor-artemis\/#primaryimage","url":"https:\/\/celmomobilya.com\/wp-content\/uploads\/2024\/02\/urun-artemis-yemek-odasi-takimi-01.jpg","contentUrl":"https:\/\/celmomobilya.com\/wp-content\/uploads\/2024\/02\/urun-artemis-yemek-odasi-takimi-01.jpg","width":1674,"height":1200},{"@type":"BreadcrumbList","@id":"https:\/\/celmomobilya.com\/es\/producto\/conjunto-de-comedor-artemis\/#breadcrumb","itemListElement":[{"@type":"ListItem","position":1,"name":"Productos","item":"https:\/\/celmomobilya.com\/es\/shop\/"},{"@type":"ListItem","position":2,"name":"Conjunto de Comedor Artemis"}]},{"@type":"WebSite","@id":"https:\/\/celmomobilya.com\/es\/#website","url":"https:\/\/celmomobilya.com\/es\/","name":"Çelmo Mobilya","description":"Modern ve Luxury Ev Mobilyaları","potentialAction":[{"@type":"SearchAction","target":{"@type":"EntryPoint","urlTemplate":"https:\/\/celmomobilya.com\/es\/?s={search_term_string}"},"query-input":{"@type":"PropertyValueSpecification","valueRequired":true,"valueName":"search_term_string"}}],"inLanguage":"es"}]}</script>
<!-- / Yoast SEO Premium plugin. -->

Conjunto de Comedor Artemis - Çelmo Mobilya

El Conjunto de Comedor Artemis aporta un toque sofisticado a su comedor con su diseño moderno y elegante. Este conjunto,

Çelmo Mobilya

Modern ve Luxury Ev Mobilyaları
