{"id":24104,"date":"2024-02-14T09:10:09","date_gmt":"2024-02-14T06:10:09","guid":{"rendered":"https:\/\/celmomobilya.com\/urun\/conjunto-de-comedor-montreal\/"},"modified":"2024-02-14T09:10:09","modified_gmt":"2024-02-14T06:10:09","slug":"conjunto-de-comedor-montreal","status":"publish","type":"product","link":"https:\/\/celmomobilya.com\/es\/producto\/conjunto-de-comedor-montreal\/","title":{"rendered":"Conjunto de Comedor Montreal"},"content":{"rendered":"<p>El Conjunto de Comedor Montreal aporta elegancia a su comedor con su dise\u00f1o moderno y refinado. Este conjunto, que destaca por sus delicados detalles y l\u00edneas minimalistas, ofrece comodidad con sus sillas confortables y su amplia mesa de comedor, ideales para recibir a sus invitados. Fabricado con materiales de alta calidad, el Conjunto de Comedor Montreal ofrece una estructura duradera que garantiza a\u00f1os de uso manteniendo su elegancia original. La amplia superficie de la mesa proporciona el espacio perfecto para cenas familiares numerosas y eventos especiales. El dise\u00f1o moderno del aparador y del buffet ofrece no solo un aspecto est\u00e9tico, sino tambi\u00e9n pr\u00e1cticas \u00e1reas de almacenamiento para mantener sus objetos organizados. Disponible en diferentes opciones de colores y texturas, puede personalizarse para adaptarse perfectamente a su espacio vital. Si busca combinar elegancia y funcionalidad en su comedor, el Conjunto de Comedor Montreal es la opci\u00f3n perfecta para usted.<\/p>\n<div class=\"olcu-table\">\n<h4 style=\"text-align: center;\">Dimensiones del Producto<\/h4>\n<table>\n<thead>\n<tr>\n<th><\/th>\n<th>Altura<\/th>\n<th>Anchura<\/th>\n<th>Profundidad<\/th>\n<\/tr>\n<\/thead>\n<tbody>\n<tr>\n<td>Aparador Montreal<\/td>\n<td>87 cm<\/td>\n<td>220 cm<\/td>\n<td>47 cm<\/td>\n<\/tr>\n<tr>\n<td>Mesa Montreal<\/td>\n<td>78 cm<\/td>\n<td>200 cm<\/td>\n<td>100 cm<\/td>\n<\/tr>\n<\/tbody>\n<\/table>\n<\/div>\n","protected":false},"excerpt":{"rendered":"<p>El Conjunto de Comedor Montreal aporta elegancia a su comedor con su dise\u00f1o moderno y refinado. Este conjunto, que destaca<\/p>\n","protected":false},"featured_media":24105,"template":"","meta":[],"product_brand":[],"product_cat":[101],"product_tag":[],"class_list":{"0":"post-24104","1":"product","2":"type-product","3":"status-publish","4":"has-post-thumbnail","6":"product_cat-conjuntos-de-comedor","8":"first","9":"instock","10":"shipping-taxable","11":"product-type-simple"},"yoast_head":"<!-- This site is optimized with the Yoast SEO Premium plugin v21.3 (Yoast SEO v27.3) - https:\/\/yoast.com\/product\/yoast-seo-premium-wordpress\/ -->\n<title>Conjunto de Comedor Montreal - \u00c7elmo Mobilya<\/title>\n<meta name=\"robots\" content=\"index, follow, max-snippet:-1, max-image-preview:large, max-video-preview:-1\" \/>\n<link rel=\"canonical\" href=\"https:\/\/celmomobilya.com\/es\/producto\/conjunto-de-comedor-montreal\/\" \/>\n<meta property=\"og:locale\" content=\"es_ES\" \/>\n<meta property=\"og:type\" content=\"article\" \/>\n<meta property=\"og:title\" content=\"Conjunto de Comedor Montreal - \u00c7elmo Mobilya\" \/>\n<meta property=\"og:description\" content=\"El Conjunto de Comedor Montreal aporta elegancia a su comedor con su dise\u00f1o moderno y refinado. Este conjunto, que destaca\" \/>\n<meta property=\"og:url\" content=\"https:\/\/celmomobilya.com\/es\/producto\/conjunto-de-comedor-montreal\/\" \/>\n<meta property=\"og:site_name\" content=\"\u00c7elmo Mobilya\" \/>\n<meta property=\"article:publisher\" content=\"https:\/\/www.facebook.com\/celmohome\" \/>\n<meta property=\"og:image\" content=\"https:\/\/celmomobilya.com\/wp-content\/uploads\/2024\/02\/urun-montreal-yemek-odasi-takimi-01.jpg\" \/>\n\t<meta property=\"og:image:width\" content=\"1654\" \/>\n\t<meta property=\"og:image:height\" content=\"1200\" \/>\n\t<meta property=\"og:image:type\" content=\"image\/jpeg\" \/>\n<meta name=\"twitter:card\" content=\"summary_large_image\" \/>\n<meta name=\"twitter:label1\" content=\"Tiempo de lectura\" \/>\n\t<meta name=\"twitter:data1\" content=\"1 minuto\" \/>\n<script type=\"application\/ld+json\" class=\"yoast-schema-graph\">{\"@context\":\"https:\\\/\\\/schema.org\",\"@graph\":[{\"@type\":\"WebPage\",\"@id\":\"https:\\\/\\\/celmomobilya.com\\\/es\\\/producto\\\/conjunto-de-comedor-montreal\\\/\",\"url\":\"https:\\\/\\\/celmomobilya.com\\\/es\\\/producto\\\/conjunto-de-comedor-montreal\\\/\",\"name\":\"Conjunto de Comedor Montreal - \u00c7elmo Mobilya\",\"isPartOf\":{\"@id\":\"https:\\\/\\\/celmomobilya.com\\\/es\\\/#website\"},\"primaryImageOfPage\":{\"@id\":\"https:\\\/\\\/celmomobilya.com\\\/es\\\/producto\\\/conjunto-de-comedor-montreal\\\/#primaryimage\"},\"image\":{\"@id\":\"https:\\\/\\\/celmomobilya.com\\\/es\\\/producto\\\/conjunto-de-comedor-montreal\\\/#primaryimage\"},\"thumbnailUrl\":\"https:\\\/\\\/celmomobilya.com\\\/wp-content\\\/uploads\\\/2024\\\/02\\\/urun-montreal-yemek-odasi-takimi-01.jpg\",\"datePublished\":\"2024-02-14T06:10:09+00:00\",\"breadcrumb\":{\"@id\":\"https:\\\/\\\/celmomobilya.com\\\/es\\\/producto\\\/conjunto-de-comedor-montreal\\\/#breadcrumb\"},\"inLanguage\":\"es\",\"potentialAction\":[{\"@type\":\"ReadAction\",\"target\":[\"https:\\\/\\\/celmomobilya.com\\\/es\\\/producto\\\/conjunto-de-comedor-montreal\\\/\"]}]},{\"@type\":\"ImageObject\",\"inLanguage\":\"es\",\"@id\":\"https:\\\/\\\/celmomobilya.com\\\/es\\\/producto\\\/conjunto-de-comedor-montreal\\\/#primaryimage\",\"url\":\"https:\\\/\\\/celmomobilya.com\\\/wp-content\\\/uploads\\\/2024\\\/02\\\/urun-montreal-yemek-odasi-takimi-01.jpg\",\"contentUrl\":\"https:\\\/\\\/celmomobilya.com\\\/wp-content\\\/uploads\\\/2024\\\/02\\\/urun-montreal-yemek-odasi-takimi-01.jpg\",\"width\":1654,\"height\":1200},{\"@type\":\"BreadcrumbList\",\"@id\":\"https:\\\/\\\/celmomobilya.com\\\/es\\\/producto\\\/conjunto-de-comedor-montreal\\\/#breadcrumb\",\"itemListElement\":[{\"@type\":\"ListItem\",\"position\":1,\"name\":\"Productos\",\"item\":\"https:\\\/\\\/celmomobilya.com\\\/es\\\/shop\\\/\"},{\"@type\":\"ListItem\",\"position\":2,\"name\":\"Conjunto de Comedor Montreal\"}]},{\"@type\":\"WebSite\",\"@id\":\"https:\\\/\\\/celmomobilya.com\\\/es\\\/#website\",\"url\":\"https:\\\/\\\/celmomobilya.com\\\/es\\\/\",\"name\":\"\u00c7elmo Mobilya\",\"description\":\"Modern ve Luxury Ev Mobilyalar\u0131\",\"potentialAction\":[{\"@type\":\"SearchAction\",\"target\":{\"@type\":\"EntryPoint\",\"urlTemplate\":\"https:\\\/\\\/celmomobilya.com\\\/es\\\/?s={search_term_string}\"},\"query-input\":{\"@type\":\"PropertyValueSpecification\",\"valueRequired\":true,\"valueName\":\"search_term_string\"}}],\"inLanguage\":\"es\"}]}<\/script>\n<!-- \/ Yoast SEO Premium plugin. -->","yoast_head_json":{"title":"Conjunto de Comedor Montreal - \u00c7elmo Mobilya","robots":{"index":"index","follow":"follow","max-snippet":"max-snippet:-1","max-image-preview":"max-image-preview:large","max-video-preview":"max-video-preview:-1"},"canonical":"https:\/\/celmomobilya.com\/es\/producto\/conjunto-de-comedor-montreal\/","og_locale":"es_ES","og_type":"article","og_title":"Conjunto de Comedor Montreal - \u00c7elmo Mobilya","og_description":"El Conjunto de Comedor Montreal aporta elegancia a su comedor con su dise\u00f1o moderno y refinado. Este conjunto, que destaca","og_url":"https:\/\/celmomobilya.com\/es\/producto\/conjunto-de-comedor-montreal\/","og_site_name":"\u00c7elmo Mobilya","article_publisher":"https:\/\/www.facebook.com\/celmohome","og_image":[{"width":1654,"height":1200,"url":"https:\/\/celmomobilya.com\/wp-content\/uploads\/2024\/02\/urun-montreal-yemek-odasi-takimi-01.jpg","type":"image\/jpeg"}],"twitter_card":"summary_large_image","twitter_misc":{"Tiempo de lectura":"1 minuto"},"schema":{"@context":"https:\/\/schema.org","@graph":[{"@type":"WebPage","@id":"https:\/\/celmomobilya.com\/es\/producto\/conjunto-de-comedor-montreal\/","url":"https:\/\/celmomobilya.com\/es\/producto\/conjunto-de-comedor-montreal\/","name":"Conjunto de Comedor Montreal - \u00c7elmo Mobilya","isPartOf":{"@id":"https:\/\/celmomobilya.com\/es\/#website"},"primaryImageOfPage":{"@id":"https:\/\/celmomobilya.com\/es\/producto\/conjunto-de-comedor-montreal\/#primaryimage"},"image":{"@id":"https:\/\/celmomobilya.com\/es\/producto\/conjunto-de-comedor-montreal\/#primaryimage"},"thumbnailUrl":"https:\/\/celmomobilya.com\/wp-content\/uploads\/2024\/02\/urun-montreal-yemek-odasi-takimi-01.jpg","datePublished":"2024-02-14T06:10:09+00:00","breadcrumb":{"@id":"https:\/\/celmomobilya.com\/es\/producto\/conjunto-de-comedor-montreal\/#breadcrumb"},"inLanguage":"es","potentialAction":[{"@type":"ReadAction","target":["https:\/\/celmomobilya.com\/es\/producto\/conjunto-de-comedor-montreal\/"]}]},{"@type":"ImageObject","inLanguage":"es","@id":"https:\/\/celmomobilya.com\/es\/producto\/conjunto-de-comedor-montreal\/#primaryimage","url":"https:\/\/celmomobilya.com\/wp-content\/uploads\/2024\/02\/urun-montreal-yemek-odasi-takimi-01.jpg","contentUrl":"https:\/\/celmomobilya.com\/wp-content\/uploads\/2024\/02\/urun-montreal-yemek-odasi-takimi-01.jpg","width":1654,"height":1200},{"@type":"BreadcrumbList","@id":"https:\/\/celmomobilya.com\/es\/producto\/conjunto-de-comedor-montreal\/#breadcrumb","itemListElement":[{"@type":"ListItem","position":1,"name":"Productos","item":"https:\/\/celmomobilya.com\/es\/shop\/"},{"@type":"ListItem","position":2,"name":"Conjunto de Comedor Montreal"}]},{"@type":"WebSite","@id":"https:\/\/celmomobilya.com\/es\/#website","url":"https:\/\/celmomobilya.com\/es\/","name":"\u00c7elmo Mobilya","description":"Modern ve Luxury Ev Mobilyalar\u0131","potentialAction":[{"@type":"SearchAction","target":{"@type":"EntryPoint","urlTemplate":"https:\/\/celmomobilya.com\/es\/?s={search_term_string}"},"query-input":{"@type":"PropertyValueSpecification","valueRequired":true,"valueName":"search_term_string"}}],"inLanguage":"es"}]}},"_links":{"self":[{"href":"https:\/\/celmomobilya.com\/es\/wp-json\/wp\/v2\/product\/24104","targetHints":{"allow":["GET"]}}],"collection":[{"href":"https:\/\/celmomobilya.com\/es\/wp-json\/wp\/v2\/product"}],"about":[{"href":"https:\/\/celmomobilya.com\/es\/wp-json\/wp\/v2\/types\/product"}],"wp:featuredmedia":[{"embeddable":true,"href":"https:\/\/celmomobilya.com\/es\/wp-json\/wp\/v2\/media\/24105"}],"wp:attachment":[{"href":"https:\/\/celmomobilya.com\/es\/wp-json\/wp\/v2\/media?parent=24104"}],"wp:term":[{"taxonomy":"product_brand","embeddable":true,"href":"https:\/\/celmomobilya.com\/es\/wp-json\/wp\/v2\/product_brand?post=24104"},{"taxonomy":"product_cat","embeddable":true,"href":"https:\/\/celmomobilya.com\/es\/wp-json\/wp\/v2\/product_cat?post=24104"},{"taxonomy":"product_tag","embeddable":true,"href":"https:\/\/celmomobilya.com\/es\/wp-json\/wp\/v2\/product_tag?post=24104"}],"curies":[{"name":"wp","href":"https:\/\/api.w.org\/{rel}","templated":true}]}}

<p>El Conjunto de Comedor Montreal aporta elegancia a su comedor con su diseño moderno y refinado. Este conjunto, que destaca por sus delicados detalles y líneas minimalistas, ofrece comodidad con sus sillas confortables y su amplia mesa de comedor, ideales para recibir a sus invitados. Fabricado con materiales de alta calidad, el Conjunto de Comedor Montreal ofrece una estructura duradera que garantiza años de uso manteniendo su elegancia original. La amplia superficie de la mesa proporciona el espacio perfecto para cenas familiares numerosas y eventos especiales. El diseño moderno del aparador y del buffet ofrece no solo un aspecto estético, sino también prácticas áreas de almacenamiento para mantener sus objetos organizados. Disponible en diferentes opciones de colores y texturas, puede personalizarse para adaptarse perfectamente a su espacio vital. Si busca combinar elegancia y funcionalidad en su comedor, el Conjunto de Comedor Montreal es la opción perfecta para usted.</p>
<div class="olcu-table">
<h4 style="text-align: center;">Dimensiones del Producto</h4>
<table>
<thead>
<tr>
<th></th>
<th>Altura</th>
<th>Anchura</th>
<th>Profundidad</th>
</tr>
</thead>
<tbody>
<tr>
<td>Aparador Montreal</td>
<td>87 cm</td>
<td>220 cm</td>
<td>47 cm</td>
</tr>
<tr>
<td>Mesa Montreal</td>
<td>78 cm</td>
<td>200 cm</td>
<td>100 cm</td>
</tr>
</tbody>
</table>
</div>

<p>El Conjunto de Comedor Montreal aporta elegancia a su comedor con su diseño moderno y refinado. Este conjunto, que destaca</p>

<!-- This site is optimized with the Yoast SEO Premium plugin v21.3 (Yoast SEO v27.3) - https://yoast.com/product/yoast-seo-premium-wordpress/ -->
<title>Conjunto de Comedor Montreal - Çelmo Mobilya</title>
<meta name="robots" content="index, follow, max-snippet:-1, max-image-preview:large, max-video-preview:-1" />
<link rel="canonical" href="https://celmomobilya.com/es/producto/conjunto-de-comedor-montreal/" />
<meta property="og:locale" content="es_ES" />
<meta property="og:type" content="article" />
<meta property="og:title" content="Conjunto de Comedor Montreal - Çelmo Mobilya" />
<meta property="og:description" content="El Conjunto de Comedor Montreal aporta elegancia a su comedor con su diseño moderno y refinado. Este conjunto, que destaca" />
<meta property="og:url" content="https://celmomobilya.com/es/producto/conjunto-de-comedor-montreal/" />
<meta property="og:site_name" content="Çelmo Mobilya" />
<meta property="article:publisher" content="https://www.facebook.com/celmohome" />
<meta property="og:image" content="https://celmomobilya.com/wp-content/uploads/2024/02/urun-montreal-yemek-odasi-takimi-01.jpg" />
	<meta property="og:image:width" content="1654" />
	<meta property="og:image:height" content="1200" />
	<meta property="og:image:type" content="image/jpeg" />
<meta name="twitter:card" content="summary_large_image" />
<meta name="twitter:label1" content="Tiempo de lectura" />
	<meta name="twitter:data1" content="1 minuto" />
<script type="application/ld+json" class="yoast-schema-graph">{"@context":"https:\/\/schema.org","@graph":[{"@type":"WebPage","@id":"https:\/\/celmomobilya.com\/es\/producto\/conjunto-de-comedor-montreal\/","url":"https:\/\/celmomobilya.com\/es\/producto\/conjunto-de-comedor-montreal\/","name":"Conjunto de Comedor Montreal - Çelmo Mobilya","isPartOf":{"@id":"https:\/\/celmomobilya.com\/es\/#website"},"primaryImageOfPage":{"@id":"https:\/\/celmomobilya.com\/es\/producto\/conjunto-de-comedor-montreal\/#primaryimage"},"image":{"@id":"https:\/\/celmomobilya.com\/es\/producto\/conjunto-de-comedor-montreal\/#primaryimage"},"thumbnailUrl":"https:\/\/celmomobilya.com\/wp-content\/uploads\/2024\/02\/urun-montreal-yemek-odasi-takimi-01.jpg","datePublished":"2024-02-14T06:10:09+00:00","breadcrumb":{"@id":"https:\/\/celmomobilya.com\/es\/producto\/conjunto-de-comedor-montreal\/#breadcrumb"},"inLanguage":"es","potentialAction":[{"@type":"ReadAction","target":["https:\/\/celmomobilya.com\/es\/producto\/conjunto-de-comedor-montreal\/"]}]},{"@type":"ImageObject","inLanguage":"es","@id":"https:\/\/celmomobilya.com\/es\/producto\/conjunto-de-comedor-montreal\/#primaryimage","url":"https:\/\/celmomobilya.com\/wp-content\/uploads\/2024\/02\/urun-montreal-yemek-odasi-takimi-01.jpg","contentUrl":"https:\/\/celmomobilya.com\/wp-content\/uploads\/2024\/02\/urun-montreal-yemek-odasi-takimi-01.jpg","width":1654,"height":1200},{"@type":"BreadcrumbList","@id":"https:\/\/celmomobilya.com\/es\/producto\/conjunto-de-comedor-montreal\/#breadcrumb","itemListElement":[{"@type":"ListItem","position":1,"name":"Productos","item":"https:\/\/celmomobilya.com\/es\/shop\/"},{"@type":"ListItem","position":2,"name":"Conjunto de Comedor Montreal"}]},{"@type":"WebSite","@id":"https:\/\/celmomobilya.com\/es\/#website","url":"https:\/\/celmomobilya.com\/es\/","name":"Çelmo Mobilya","description":"Modern ve Luxury Ev Mobilyaları","potentialAction":[{"@type":"SearchAction","target":{"@type":"EntryPoint","urlTemplate":"https:\/\/celmomobilya.com\/es\/?s={search_term_string}"},"query-input":{"@type":"PropertyValueSpecification","valueRequired":true,"valueName":"search_term_string"}}],"inLanguage":"es"}]}</script>
<!-- / Yoast SEO Premium plugin. -->

Conjunto de Comedor Montreal - Çelmo Mobilya

El Conjunto de Comedor Montreal aporta elegancia a su comedor con su diseño moderno y refinado. Este conjunto, que destaca

Çelmo Mobilya

Modern ve Luxury Ev Mobilyaları
